3 - k*w**4. Give f(3).
-6
Let a(s) = s**3 + 10*s**2 - 11*s. Let j be 0/(-2) + 6/(2 - -1). Suppose j*y = -5*f + f - 10, -2*y - 3*f = 13. Calculate a(y).
0
Let t be (-60)/(-9) + 8/24. Let u(s) = -s**2 + 9*s - 9. Give u(t).
5
Let x(k) = -15*k. Let a(s) = 15*s. Let u(h) = -4*a(h) - 5*x(h). Let b = 2 - 3. Determine u(b).
-15
Let d(a) = a + 5. Let t be d(-11). Let j(q) be the first derivative of -q**4/4 - 2*q**3 - q**2/2 - 5*q + 22. Determine j(t).
1
Let s(u) = 4*u**2 - 3. Let o(n) = 3*n**2 - 4. Let d(b) = -3*o(b) + 2*s(b). Let y be d(0). Let g(k) = -k**2 + 6*k - 7. What is g(y)?
-7
Let c(r) = -r**3 - 5*r**2 + 7*r. Let f(g) = -g**2 + g. Let m(b) = c(b) - 2*f(b). Let n be (-6)/(15/(-5))*-16. Let j = n - -28. Determine m(j).
-4
Let g(n) = -n**2 - 4*n + 1. Let v(s) = s**3 - 14*s**2 - 18*s + 40. Let y be v(15). Calculate g(y).
-4
Let u(v) be the second derivative of v**4/12 + v**3 - 7*v**2/2 + 632*v. Give u(4).
33
Suppose 4*i + 23 = v, -7*i - 37 = -4*v - 2*i. Suppose -v*t + 52 = 49. Let u(h) = -h + 2. Give u(t).
1
Let l(f) = -2*f**2 - 8*f - 4. Suppose 6*d - 27 - 63 = 0. Suppose d*v - 12 = -87. Calculate l(v).
-14
Let c(t) = t**3 + 6*t**2 - 8*t - 3. Let h be c(-7). Let r(b) = 151 + 147 - b**3 + 4*b**2 - 300. Give r(h).
-2
Let h(w) = 0 - 375*w - 18 - w**2 + 0 + 361*w. Calculate h(-12).
6
Suppose 0 = -4*f - 57 + 181. Let d = -26 + f. Let z(b) = b**2 - 4*b + 1. Determine z(d).
6
Let g(k) be the third derivative of -k**6/120 + 7*k**5/60 + k**4/12 - k**3/6 - 42*k**2. Calculate g(7).
13
Let w(m) be the third derivative of m**7/840 + m**6/45 + m**5/120 + 3*m**4/8 + 8*m**3/3 - 13*m**2. Let o(t) be the first derivative of w(t). Give o(-8).
1
Let h(z) = 2*z**3. Let r be 5 + -9*6/(-9). Suppose -2*j + 13 = r. Give h(j).
2
Suppose -2*x + 48 - 40 = 0. Suppose -9 = -4*u + 23. Let z(h) = 2*h + u - 4 - x. Give z(-3).
-6
Let d(h) = -h**3 + 3*h**2. Let g = -45 + 48. Determine d(g).
0
Let p(b) = -8*b - 5. Let g be p(-1). Suppose 7 = g*v + 4. Let s(h) = h**3 - 2*h**2 + 1. Give s(v).
0
Let q be 69 - (-3 + 4)*1. Let g = q - 64. Let n(f) = -f**3 - 8*f**2 + 4*f + 2. Let h(i) = 3*i**3 + 17*i**2 - 7*i - 5. Let u(c) = 2*h(c) + 5*n(c). What is u(g)?
-8
Let n(t) = 7*t + 9. Let m(c) = -6*c - 8. Let p(w) = 5*m(w) + 4*n(w). Let u(x) = x + 10. Let q = -3 + -4. Let y be u(q). Calculate p(y).
-10
Let q(u) = -2*u**2 + u - 2. Suppose 3*h + 18 = -s - h, 0 = 5*s + 3*h + 22. Give q(s).
-12
Suppose -26 = -5*c - 3*z, 4*c - 3*z - 21 - 16 = 0. Let g(x) = -x**3 + 9*x**2 - 14*x - 4. Calculate g(c).
-4
Suppose 2*o - 5*t + 6 = 0, -t = -8 + 6. Suppose -c = -3*c + 3*d - o, -2 = 2*c - 4*d. Let u(x) = 22*x**2 + 2*x + 1. Calculate u(c).
21
Let k(u) be the first derivative of u**3 - u + 74. Suppose 2*c = -r + 2*r + 8, -3*r - 5*c = -9. Calculate k(r).
11
Let h(j) = -2*j**2 - 5*j + 4. Let g be (-52)/12 - 3/(-9). Give h(g).
-8
Suppose 3*r = -3*r + 18. Suppose -p = z + 4, 0*p = z + r*p - 6. Let x(h) = -2*h - 13. Give x(z).
5
Let y(w) be the third derivative of 0*w + 13*w**2 + 0 - 1/3*w**3 - 1/20*w**5 - 1/8*w**4. Calculate y(-2).
-8
Let m(l) be the first derivative of l**2 - 11*l + 50. Determine m(6).
1
Let o be ((-8)/(-10))/(18/(-45)). Let m be -3*4/6 - -4. Let f(d) = -2*d**3 + d**3 - 2 - 4*d - 2*d**2 - d**m. What is f(o)?
2
Let a = 22 + -15. Let z(c) = 0*c - c**2 - a - 5*c - 2*c - c. Give z(-5).
8
Let l(p) = p**2 - 36. Suppose 0*c = -3*r - 4*c - 4, 1 = 5*r - c. Give l(r).
-36
Let j(p) = p**2 + 14*p + 17. Let q(r) = r - 22. Let h be q(9). Let l be j(h). Suppose l*x = -24 + 4. Let z(i) = 3*i + 5. Calculate z(x).
-10
Let r(z) be the third derivative of -z**6/120 - 3*z**5/10 - 5*z**4/6 - 25*z**3/3 - 31*z**2 - 17. Determine r(-17).
1
Suppose d + 0*d = 0. Let a(s) = -20*s + 44. Let l(n) = 7*n - 11. Let c(q) = -1. Let g(y) = 4*c(y) + l(y). Let b(j) = 6*a(j) + 17*g(j). Give b(d).
9
Let c(d) = 2*d - 24. Suppose 14*p - 132 = 3*p. Determine c(p).
0
Let h(g) = -3*g - 1. Let q(p) = p. Let t(c) = -3*h(c) - 8*q(c). Let x be (-47 + 52)*1/2*2. Calculate t(x).
8
Let n = 277 + -279. Let a(t) = -2*t**3 + 2*t**2 + 3*t. Calculate a(n).
18
Let c(j) = -j - 2. Let t be c(-4). Let y(q) = 9 + t*q - q**2 + 2*q - 15. Give y(4).
-6
Let y = 29 + -31. Let i be (-7)/y*84/49. Let k(v) be the second derivative of v**3/6 - v**2 - 2*v. Calculate k(i).
4
Let m = 201 - 199. Let p(s) = s**3 - 5*s**2 + 2*s + 2. What is p(m)?
-6
Suppose 5*l = -2*n - 3*n - 10, 5*l - n = 14. Let c(v) = 3*v**2 + v**l + 4 + 0*v**2 - 5*v**2 + 2*v. Suppose -4*f + 21 = 5. Determine c(f).
-4
Let h(d) = -3*d. Let w be 124/(-6)*9/(-6). Let z = 306 - 303. Suppose 0 = -z*u - 4*n - n - 37, -4*u - 3*n - w = 0. Determine h(u).
12
Let p(g) be the first derivative of 1/3*g**3 + 9/2*g**2 + 10*g + 18. Calculate p(-7).
-4
Let c(b) = 2*b**3 - b**2 + 1. Let s(g) = 4*g**3 - 4*g**2 - g + 1. Let a(l) = -3*c(l) + s(l). Calculate a(-2).
12
Let k(c) = c**3 - 6*c**2 + 6*c - 7. Suppose -4*j = 12 - 4. Let t(n) = -2*n**2 - 4*n - 3. Let g be t(j). Let v be 32/(4/1) + g. What is k(v)?
-2
Let m(c) = 0 - 3*c - 2*c + 5*c - 2 - c. Calculate m(0).
-2
Suppose 3*q - 8*t - 28 = -3*t, -4*q + 4*t = -24. Suppose 5*r + 21 = q. Let l(m) = -m**3 - 2*m**2 + 6*m + 3. What is l(r)?
11
Suppose -3*s + z = -22, 2*s = -2*s + 4*z + 40. Suppose 2*j + j - s = 0. Suppose -d = -0 + j. Let l(v) = -v**3 - v**2 + 2. What is l(d)?
6
Let s(o) = o**3 + 22*o - 23*o + 38*o**2 - 8 + 11*o - 26*o**2. Calculate s(-11).
3
Let m(f) = -f**2 - 8*f - 9. Suppose 32 = -5*p - 13. Determine m(p).
-18
Let l(b) = -2*b**3 + b**2 + 23*b - 24. Let m be l(1). Let i(p) = 8*p - 1. Give i(m).
-17
Let p(t) be the second derivative of t**5/20 - t**4/3 - t**2/2 + t. Suppose 0 = -4*d + 8, g + g + d - 72 = 0. Suppose -3*w + 47 = g. Calculate p(w).
-1
Let c be ((-9)/3 - -4)/((-4)/20). Let x(y) be the third derivative of y**4/24 + 7*y**3/6 + 3*y**2. Calculate x(c).
2
Let f(x) be the third derivative of x**4/24 + x**3/6 + 342*x**2. Calculate f(6).
7
Let f(a) be the second derivative of -3*a + 1/2*a**4 + 0 + a**3 - 1/20*a**5 - 3*a**2. Calculate f(7).
-13
Let l(w) = -10 - 14 - 6*w + 21 - w**2. What is l(-5)?
2
Let q be 3/21 + -2 + 282/84. Let f(k) be the second derivative of -q*k**2 - 1/12*k**4 + 12*k + 0 - 5/6*k**3. What is f(-3)?
3
Suppose 23*r + 13*r = 504. Let w(q) = -q**2 + 15*q - 6. Give w(r).
8
Let u be 21/(-36)*(-16)/56. Let d(m) be the third derivative of -7/60*m**5 + 0*m + 0 + 0*m**4 + u*m**3 + 5*m**2. Calculate d(-1).
-6
Suppose 385 + 815 = 8*u. Let x = u + -146. Let z(t) be the third derivative of -t**4/12 + t**3/2 - t**2. Give z(x).
-5
Let i(v) = 7*v**3 - 9*v**2 - 2*v - 15. Let n(q) = 10*q**3 - 14*q**2 - 2*q - 22. Let a(m) = -7*i(m) + 5*n(m). Calculate a(6).
-17
Let h(c) be the first derivative of -1 + 1/3*c**3 + 3*c - 3/2*c**2. Suppose -35*m - 22*m + 171 = 0. Determine h(m).
3
Let b(x) = -10*x**3 + 9*x**2 - 2*x - 7. Let k(c) = 7*c**3 - 6*c**2 + c + 5. Let q(h) = -5*b(h) - 7*k(h). What is q(2)?
2
Let a(u) be the first derivative of u**2 - 9*u + 24. Let k be (-4)/(-14) - (-141)/21. Give a(k).
5
Let t(i) = 3*i**2 + 1. Let a(s) = 18*s**2 + 2*s + 5. Let c(z) = -a(z) + 4*t(z). Calculate c(2).
-29
Suppose -26 = m - 27. Let c(o) be the second derivative of -o**6/360 + o**5/120 + o**3/6 - 2*o. Let s(j) be the second derivative of c(j). Give s(m).
0
Let t(m) = m**3 + 4*m**2 - 7*m - 13. Let u(o) = -o**3 - 4*o**2 + 7*o + 12. Let w(g) = 5*t(g) + 6*u(g). Give w(-5).
-3
Let r(o) = o**2 - 163. Let x be r(13). Let h(d) = -d**3 + 4*d**2 + 7*d - 6. Calculate h(x).
-36
Let c(d) be the second derivative of 0 - 21*d + 7/2*d**2 - 1/2*d**4 + 1/20*d**5 + 5/6*d**3. Calculate c(5).
7
Suppose -102 = 41*f - 58*f. Let l(j) = j + 3. Calculate l(f).
9
Let o = 2 - 0. Let d(p) = -2*p + 3*p - o*p + 5. Let g be (8 - 2) + (-4)/2. Determine d(g).
1
Let p(o) be the first derivative of o**3/3 - 7*o**2/2 - 4*o + 87. Calculate p(9).
14
Suppose 80*d - 102*d + 44 = 0. Let w(v) = -9*v**2 + 4*v - 3. What is w(d)?
-31
Let l(q) = 88*q**2 + 17*q + 2. Let n(t) = -38*t**2 - 8*t - 1. Let f(a) = -6*l(a) - 13*n(a). Give f(-1).
-35
Let a(h) = h**2 + 8*h + 5. Suppose -10*p - 462 = 828. Let f = p + 123. Calculate a(f).
-7
Suppose 31 = 7*d - 11. Let i(j) = -3 + 8 - 9 + d + 5*j. Give i(-2).
-8
Let d be 8/(-6) - 1/(-3). Let t = -2 - d. Let x(j) be the first derivative of -5*j**4/4 - j**2/2 + 94. What is x(t